{"id":2057,"date":"2023-11-24T04:38:17","date_gmt":"2023-11-24T04:38:17","guid":{"rendered":"https:\/\/marcah.com\/vialen\/producto\/tratamiento-la-bomba-hidratante-16-oz\/"},"modified":"2023-11-24T04:38:18","modified_gmt":"2023-11-24T04:38:18","slug":"tratamiento-la-bomba-hidratante-16-oz","status":"publish","type":"product","link":"https:\/\/marcah.com\/vialen\/producto\/tratamiento-la-bomba-hidratante-16-oz\/","title":{"rendered":"Tratamiento La Bomba Hidratante 16 oz"},"content":{"rendered":"<p>Potencia la vitalidad de tu cabello con el Tratamiento Hidratante de nuestra exclusiva l\u00ednea La Bomba Hidratante, un imprescindible en el Cuidado Capilar. Este tratamiento intensivo est\u00e1 dise\u00f1ado para proporcionar una hidrataci\u00f3n profunda y reparar el cabello da\u00f1ado. Su f\u00f3rmula rica penetra en las fibras capilares, restaurando la elasticidad y el brillo natural. Ideal para cabellos secos o da\u00f1ados, este tratamiento revitaliza cada hebra, dejando tu cabello suave, liso y lleno de vida. \u00dasalo regularmente para experimentar una transformaci\u00f3n completa, obteniendo un cabello saludable y lleno de brillo.<\/p>\n","protected":false},"excerpt":{"rendered":"<p>Potencia la vitalidad de tu cabello con el Tratamiento Hidratante de nuestra exclusiva l\u00ednea La Bomba Hidratante, un imprescindible en el Cuidado Capilar. Este tratamiento intensivo est\u00e1 dise\u00f1ado para proporcionar&#8230;<\/p>\n","protected":false},"featured_media":0,"template":"","meta":{"nf_dc_page":"","om_disable_all_campaigns":false},"product_brand":[],"product_cat":[105,106,107],"product_tag":[],"class_list":{"0":"post-2057","1":"product","2":"type-product","3":"status-publish","5":"product_cat-cuidado-capilar","6":"product_cat-hidratante","7":"product_cat-la-bomba-hidratante","8":"pa_tamano-16-oz","10":"first","11":"instock","12":"product-type-simple"},"yoast_head":"<!-- This site is optimized with the Yoast SEO plugin v27.3 - https:\/\/yoast.com\/product\/yoast-seo-wordpress\/ -->\n<title>Tratamiento La Bomba Hidratante 16 oz - Vialen<\/title>\n<meta name=\"robots\" content=\"index, follow, max-snippet:-1, max-image-preview:large, max-video-preview:-1\" \/>\n<link rel=\"canonical\" href=\"https:\/\/marcah.com\/vialen\/producto\/tratamiento-la-bomba-hidratante-16-oz\/\" \/>\n<meta property=\"og:locale\" content=\"es_ES\" \/>\n<meta property=\"og:type\" content=\"article\" \/>\n<meta property=\"og:title\" content=\"Tratamiento La Bomba Hidratante 16 oz - Vialen\" \/>\n<meta property=\"og:description\" content=\"Potencia la vitalidad de tu cabello con el Tratamiento Hidratante de nuestra exclusiva l\u00ednea La Bomba Hidratante, un imprescindible en el Cuidado Capilar. Este tratamiento intensivo est\u00e1 dise\u00f1ado para proporcionar...\" \/>\n<meta property=\"og:url\" content=\"https:\/\/marcah.com\/vialen\/producto\/tratamiento-la-bomba-hidratante-16-oz\/\" \/>\n<meta property=\"og:site_name\" content=\"Vialen\" \/>\n<meta property=\"article:modified_time\" content=\"2023-11-24T04:38:18+00:00\" \/>\n<meta name=\"twitter:card\" content=\"summary_large_image\" \/>\n<script type=\"application\/ld+json\" class=\"yoast-schema-graph\">{\"@context\":\"https:\\\/\\\/schema.org\",\"@graph\":[{\"@type\":\"WebPage\",\"@id\":\"https:\\\/\\\/marcah.com\\\/vialen\\\/producto\\\/tratamiento-la-bomba-hidratante-16-oz\\\/\",\"url\":\"https:\\\/\\\/marcah.com\\\/vialen\\\/producto\\\/tratamiento-la-bomba-hidratante-16-oz\\\/\",\"name\":\"Tratamiento La Bomba Hidratante 16 oz - Vialen\",\"isPartOf\":{\"@id\":\"https:\\\/\\\/marcah.com\\\/vialen\\\/#website\"},\"datePublished\":\"2023-11-24T04:38:17+00:00\",\"dateModified\":\"2023-11-24T04:38:18+00:00\",\"breadcrumb\":{\"@id\":\"https:\\\/\\\/marcah.com\\\/vialen\\\/producto\\\/tratamiento-la-bomba-hidratante-16-oz\\\/#breadcrumb\"},\"inLanguage\":\"es\",\"potentialAction\":[{\"@type\":\"ReadAction\",\"target\":[\"https:\\\/\\\/marcah.com\\\/vialen\\\/producto\\\/tratamiento-la-bomba-hidratante-16-oz\\\/\"]}]},{\"@type\":\"BreadcrumbList\",\"@id\":\"https:\\\/\\\/marcah.com\\\/vialen\\\/producto\\\/tratamiento-la-bomba-hidratante-16-oz\\\/#breadcrumb\",\"itemListElement\":[{\"@type\":\"ListItem\",\"position\":1,\"name\":\"Home\",\"item\":\"https:\\\/\\\/marcah.com\\\/vialen\\\/\"},{\"@type\":\"ListItem\",\"position\":2,\"name\":\"Tienda\",\"item\":\"https:\\\/\\\/marcah.com\\\/vialen\\\/tienda\\\/\"},{\"@type\":\"ListItem\",\"position\":3,\"name\":\"Tratamiento La Bomba Hidratante 16 oz\"}]},{\"@type\":\"WebSite\",\"@id\":\"https:\\\/\\\/marcah.com\\\/vialen\\\/#website\",\"url\":\"https:\\\/\\\/marcah.com\\\/vialen\\\/\",\"name\":\"Vialen\",\"description\":\"Cuidado Personal\",\"potentialAction\":[{\"@type\":\"SearchAction\",\"target\":{\"@type\":\"EntryPoint\",\"urlTemplate\":\"https:\\\/\\\/marcah.com\\\/vialen\\\/?s={search_term_string}\"},\"query-input\":{\"@type\":\"PropertyValueSpecification\",\"valueRequired\":true,\"valueName\":\"search_term_string\"}}],\"inLanguage\":\"es\"}]}<\/script>\n<!-- \/ Yoast SEO plugin. -->","yoast_head_json":{"title":"Tratamiento La Bomba Hidratante 16 oz - Vialen","robots":{"index":"index","follow":"follow","max-snippet":"max-snippet:-1","max-image-preview":"max-image-preview:large","max-video-preview":"max-video-preview:-1"},"canonical":"https:\/\/marcah.com\/vialen\/producto\/tratamiento-la-bomba-hidratante-16-oz\/","og_locale":"es_ES","og_type":"article","og_title":"Tratamiento La Bomba Hidratante 16 oz - Vialen","og_description":"Potencia la vitalidad de tu cabello con el Tratamiento Hidratante de nuestra exclusiva l\u00ednea La Bomba Hidratante, un imprescindible en el Cuidado Capilar. Este tratamiento intensivo est\u00e1 dise\u00f1ado para proporcionar...","og_url":"https:\/\/marcah.com\/vialen\/producto\/tratamiento-la-bomba-hidratante-16-oz\/","og_site_name":"Vialen","article_modified_time":"2023-11-24T04:38:18+00:00","twitter_card":"summary_large_image","schema":{"@context":"https:\/\/schema.org","@graph":[{"@type":"WebPage","@id":"https:\/\/marcah.com\/vialen\/producto\/tratamiento-la-bomba-hidratante-16-oz\/","url":"https:\/\/marcah.com\/vialen\/producto\/tratamiento-la-bomba-hidratante-16-oz\/","name":"Tratamiento La Bomba Hidratante 16 oz - Vialen","isPartOf":{"@id":"https:\/\/marcah.com\/vialen\/#website"},"datePublished":"2023-11-24T04:38:17+00:00","dateModified":"2023-11-24T04:38:18+00:00","breadcrumb":{"@id":"https:\/\/marcah.com\/vialen\/producto\/tratamiento-la-bomba-hidratante-16-oz\/#breadcrumb"},"inLanguage":"es","potentialAction":[{"@type":"ReadAction","target":["https:\/\/marcah.com\/vialen\/producto\/tratamiento-la-bomba-hidratante-16-oz\/"]}]},{"@type":"BreadcrumbList","@id":"https:\/\/marcah.com\/vialen\/producto\/tratamiento-la-bomba-hidratante-16-oz\/#breadcrumb","itemListElement":[{"@type":"ListItem","position":1,"name":"Home","item":"https:\/\/marcah.com\/vialen\/"},{"@type":"ListItem","position":2,"name":"Tienda","item":"https:\/\/marcah.com\/vialen\/tienda\/"},{"@type":"ListItem","position":3,"name":"Tratamiento La Bomba Hidratante 16 oz"}]},{"@type":"WebSite","@id":"https:\/\/marcah.com\/vialen\/#website","url":"https:\/\/marcah.com\/vialen\/","name":"Vialen","description":"Cuidado Personal","potentialAction":[{"@type":"SearchAction","target":{"@type":"EntryPoint","urlTemplate":"https:\/\/marcah.com\/vialen\/?s={search_term_string}"},"query-input":{"@type":"PropertyValueSpecification","valueRequired":true,"valueName":"search_term_string"}}],"inLanguage":"es"}]}},"jetpack_sharing_enabled":true,"_links":{"self":[{"href":"https:\/\/marcah.com\/vialen\/wp-json\/wp\/v2\/product\/2057","targetHints":{"allow":["GET"]}}],"collection":[{"href":"https:\/\/marcah.com\/vialen\/wp-json\/wp\/v2\/product"}],"about":[{"href":"https:\/\/marcah.com\/vialen\/wp-json\/wp\/v2\/types\/product"}],"wp:attachment":[{"href":"https:\/\/marcah.com\/vialen\/wp-json\/wp\/v2\/media?parent=2057"}],"wp:term":[{"taxonomy":"product_brand","embeddable":true,"href":"https:\/\/marcah.com\/vialen\/wp-json\/wp\/v2\/product_brand?post=2057"},{"taxonomy":"product_cat","embeddable":true,"href":"https:\/\/marcah.com\/vialen\/wp-json\/wp\/v2\/product_cat?post=2057"},{"taxonomy":"product_tag","embeddable":true,"href":"https:\/\/marcah.com\/vialen\/wp-json\/wp\/v2\/product_tag?post=2057"}],"curies":[{"name":"wp","href":"https:\/\/api.w.org\/{rel}","templated":true}]}}