{"id":2060,"date":"2023-11-24T04:38:17","date_gmt":"2023-11-24T04:38:17","guid":{"rendered":"https:\/\/marcah.com\/vialen\/producto\/shampoo-la-cura-capilar-anticaida-16-oz\/"},"modified":"2023-11-24T04:39:44","modified_gmt":"2023-11-24T04:39:44","slug":"shampoo-la-cura-capilar-anticaida-16-oz","status":"publish","type":"product","link":"https:\/\/marcah.com\/vialen\/producto\/shampoo-la-cura-capilar-anticaida-16-oz\/","title":{"rendered":"Shampoo La Cura Capilar Anticaida 16 oz"},"content":{"rendered":"<p>Experimenta la revoluci\u00f3n en el cuidado del cabello con nuestro Shampoo Antica\u00edda de la l\u00ednea La Cura Capilar Antica\u00edda. Este producto es un pilar en la lucha contra la ca\u00edda del cabello, combinando ciencia y naturaleza para fortalecer desde la ra\u00edz. Su f\u00f3rmula avanzada limpia suavemente mientras infunde nutrientes esenciales, promoviendo un cuero cabelludo saludable y fomentando el crecimiento del cabello. Perfecto para cabellos debilitados o propensos a la ca\u00edda, este shampoo no solo reduce la p\u00e9rdida de cabello sino que tambi\u00e9n mejora su textura y volumen. Con cada uso, tu cabello se sentir\u00e1 m\u00e1s fuerte, m\u00e1s grueso y rejuvenecido.<\/p>\n","protected":false},"excerpt":{"rendered":"<p>Experimenta la revoluci\u00f3n en el cuidado del cabello con nuestro Shampoo Antica\u00edda de la l\u00ednea La Cura Capilar Antica\u00edda. Este producto es un pilar en la lucha contra la ca\u00edda&#8230;<\/p>\n","protected":false},"featured_media":0,"template":"","meta":{"nf_dc_page":"","om_disable_all_campaigns":false},"product_brand":[],"product_cat":[109,105,110],"product_tag":[],"class_list":{"0":"post-2060","1":"product","2":"type-product","3":"status-publish","5":"product_cat-anti-caida","6":"product_cat-cuidado-capilar","7":"product_cat-la-cura-capilar-anticaida","8":"pa_tamano-16-oz","10":"first","11":"instock","12":"product-type-simple"},"yoast_head":"<!-- This site is optimized with the Yoast SEO plugin v27.3 - https:\/\/yoast.com\/product\/yoast-seo-wordpress\/ -->\n<title>Shampoo La Cura Capilar Anticaida 16 oz - Vialen<\/title>\n<meta name=\"robots\" content=\"index, follow, max-snippet:-1, max-image-preview:large, max-video-preview:-1\" \/>\n<link rel=\"canonical\" href=\"https:\/\/marcah.com\/vialen\/producto\/shampoo-la-cura-capilar-anticaida-16-oz\/\" \/>\n<meta property=\"og:locale\" content=\"es_ES\" \/>\n<meta property=\"og:type\" content=\"article\" \/>\n<meta property=\"og:title\" content=\"Shampoo La Cura Capilar Anticaida 16 oz - Vialen\" \/>\n<meta property=\"og:description\" content=\"Experimenta la revoluci\u00f3n en el cuidado del cabello con nuestro Shampoo Antica\u00edda de la l\u00ednea La Cura Capilar Antica\u00edda. Este producto es un pilar en la lucha contra la ca\u00edda...\" \/>\n<meta property=\"og:url\" content=\"https:\/\/marcah.com\/vialen\/producto\/shampoo-la-cura-capilar-anticaida-16-oz\/\" \/>\n<meta property=\"og:site_name\" content=\"Vialen\" \/>\n<meta property=\"article:modified_time\" content=\"2023-11-24T04:39:44+00:00\" \/>\n<meta name=\"twitter:card\" content=\"summary_large_image\" \/>\n<meta name=\"twitter:label1\" content=\"Tiempo de lectura\" \/>\n\t<meta name=\"twitter:data1\" content=\"1 minuto\" \/>\n<script type=\"application\/ld+json\" class=\"yoast-schema-graph\">{\"@context\":\"https:\\\/\\\/schema.org\",\"@graph\":[{\"@type\":\"WebPage\",\"@id\":\"https:\\\/\\\/marcah.com\\\/vialen\\\/producto\\\/shampoo-la-cura-capilar-anticaida-16-oz\\\/\",\"url\":\"https:\\\/\\\/marcah.com\\\/vialen\\\/producto\\\/shampoo-la-cura-capilar-anticaida-16-oz\\\/\",\"name\":\"Shampoo La Cura Capilar Anticaida 16 oz - Vialen\",\"isPartOf\":{\"@id\":\"https:\\\/\\\/marcah.com\\\/vialen\\\/#website\"},\"datePublished\":\"2023-11-24T04:38:17+00:00\",\"dateModified\":\"2023-11-24T04:39:44+00:00\",\"breadcrumb\":{\"@id\":\"https:\\\/\\\/marcah.com\\\/vialen\\\/producto\\\/shampoo-la-cura-capilar-anticaida-16-oz\\\/#breadcrumb\"},\"inLanguage\":\"es\",\"potentialAction\":[{\"@type\":\"ReadAction\",\"target\":[\"https:\\\/\\\/marcah.com\\\/vialen\\\/producto\\\/shampoo-la-cura-capilar-anticaida-16-oz\\\/\"]}]},{\"@type\":\"BreadcrumbList\",\"@id\":\"https:\\\/\\\/marcah.com\\\/vialen\\\/producto\\\/shampoo-la-cura-capilar-anticaida-16-oz\\\/#breadcrumb\",\"itemListElement\":[{\"@type\":\"ListItem\",\"position\":1,\"name\":\"Home\",\"item\":\"https:\\\/\\\/marcah.com\\\/vialen\\\/\"},{\"@type\":\"ListItem\",\"position\":2,\"name\":\"Tienda\",\"item\":\"https:\\\/\\\/marcah.com\\\/vialen\\\/tienda\\\/\"},{\"@type\":\"ListItem\",\"position\":3,\"name\":\"Shampoo La Cura Capilar Anticaida 16 oz\"}]},{\"@type\":\"WebSite\",\"@id\":\"https:\\\/\\\/marcah.com\\\/vialen\\\/#website\",\"url\":\"https:\\\/\\\/marcah.com\\\/vialen\\\/\",\"name\":\"Vialen\",\"description\":\"Cuidado Personal\",\"potentialAction\":[{\"@type\":\"SearchAction\",\"target\":{\"@type\":\"EntryPoint\",\"urlTemplate\":\"https:\\\/\\\/marcah.com\\\/vialen\\\/?s={search_term_string}\"},\"query-input\":{\"@type\":\"PropertyValueSpecification\",\"valueRequired\":true,\"valueName\":\"search_term_string\"}}],\"inLanguage\":\"es\"}]}<\/script>\n<!-- \/ Yoast SEO plugin. -->","yoast_head_json":{"title":"Shampoo La Cura Capilar Anticaida 16 oz - Vialen","robots":{"index":"index","follow":"follow","max-snippet":"max-snippet:-1","max-image-preview":"max-image-preview:large","max-video-preview":"max-video-preview:-1"},"canonical":"https:\/\/marcah.com\/vialen\/producto\/shampoo-la-cura-capilar-anticaida-16-oz\/","og_locale":"es_ES","og_type":"article","og_title":"Shampoo La Cura Capilar Anticaida 16 oz - Vialen","og_description":"Experimenta la revoluci\u00f3n en el cuidado del cabello con nuestro Shampoo Antica\u00edda de la l\u00ednea La Cura Capilar Antica\u00edda. Este producto es un pilar en la lucha contra la ca\u00edda...","og_url":"https:\/\/marcah.com\/vialen\/producto\/shampoo-la-cura-capilar-anticaida-16-oz\/","og_site_name":"Vialen","article_modified_time":"2023-11-24T04:39:44+00:00","twitter_card":"summary_large_image","twitter_misc":{"Tiempo de lectura":"1 minuto"},"schema":{"@context":"https:\/\/schema.org","@graph":[{"@type":"WebPage","@id":"https:\/\/marcah.com\/vialen\/producto\/shampoo-la-cura-capilar-anticaida-16-oz\/","url":"https:\/\/marcah.com\/vialen\/producto\/shampoo-la-cura-capilar-anticaida-16-oz\/","name":"Shampoo La Cura Capilar Anticaida 16 oz - Vialen","isPartOf":{"@id":"https:\/\/marcah.com\/vialen\/#website"},"datePublished":"2023-11-24T04:38:17+00:00","dateModified":"2023-11-24T04:39:44+00:00","breadcrumb":{"@id":"https:\/\/marcah.com\/vialen\/producto\/shampoo-la-cura-capilar-anticaida-16-oz\/#breadcrumb"},"inLanguage":"es","potentialAction":[{"@type":"ReadAction","target":["https:\/\/marcah.com\/vialen\/producto\/shampoo-la-cura-capilar-anticaida-16-oz\/"]}]},{"@type":"BreadcrumbList","@id":"https:\/\/marcah.com\/vialen\/producto\/shampoo-la-cura-capilar-anticaida-16-oz\/#breadcrumb","itemListElement":[{"@type":"ListItem","position":1,"name":"Home","item":"https:\/\/marcah.com\/vialen\/"},{"@type":"ListItem","position":2,"name":"Tienda","item":"https:\/\/marcah.com\/vialen\/tienda\/"},{"@type":"ListItem","position":3,"name":"Shampoo La Cura Capilar Anticaida 16 oz"}]},{"@type":"WebSite","@id":"https:\/\/marcah.com\/vialen\/#website","url":"https:\/\/marcah.com\/vialen\/","name":"Vialen","description":"Cuidado Personal","potentialAction":[{"@type":"SearchAction","target":{"@type":"EntryPoint","urlTemplate":"https:\/\/marcah.com\/vialen\/?s={search_term_string}"},"query-input":{"@type":"PropertyValueSpecification","valueRequired":true,"valueName":"search_term_string"}}],"inLanguage":"es"}]}},"jetpack_sharing_enabled":true,"_links":{"self":[{"href":"https:\/\/marcah.com\/vialen\/wp-json\/wp\/v2\/product\/2060","targetHints":{"allow":["GET"]}}],"collection":[{"href":"https:\/\/marcah.com\/vialen\/wp-json\/wp\/v2\/product"}],"about":[{"href":"https:\/\/marcah.com\/vialen\/wp-json\/wp\/v2\/types\/product"}],"wp:attachment":[{"href":"https:\/\/marcah.com\/vialen\/wp-json\/wp\/v2\/media?parent=2060"}],"wp:term":[{"taxonomy":"product_brand","embeddable":true,"href":"https:\/\/marcah.com\/vialen\/wp-json\/wp\/v2\/product_brand?post=2060"},{"taxonomy":"product_cat","embeddable":true,"href":"https:\/\/marcah.com\/vialen\/wp-json\/wp\/v2\/product_cat?post=2060"},{"taxonomy":"product_tag","embeddable":true,"href":"https:\/\/marcah.com\/vialen\/wp-json\/wp\/v2\/product_tag?post=2060"}],"curies":[{"name":"wp","href":"https:\/\/api.w.org\/{rel}","templated":true}]}}